{"id":19,"date":"2023-10-08T17:35:45","date_gmt":"2023-10-08T15:35:45","guid":{"rendered":"http:\/\/sica111.fr\/?page_id=19"},"modified":"2023-10-16T15:55:49","modified_gmt":"2023-10-16T13:55:49","slug":"about","status":"publish","type":"page","link":"https:\/\/sica111.fr\/index.php\/about\/","title":{"rendered":"\u00c0 propos"},"content":{"rendered":"\n<p>Soci\u00e9t\u00e9 cr\u00e9\u00e9e en 2014, \u00e0 l&rsquo;initiative des Chambres d&rsquo;Agriculture du Rh\u00f4ne et de la Loire soutenues par quatre autres soci\u00e9t\u00e9s priv\u00e9es : Caisse R\u00e9gionale de Cr\u00e9dit Agricole Mutuel Centre-Est, Caisse de Cr\u00e9dit Mutuel du Sud-Est, Association D\u00e9partementale de Tourisme Rural du Rh\u00f4ne ADTR et la Conf\u00e9d\u00e9ration des Artisans et des Petites Entreprises du B\u00e2timent CAPEB du Rh\u00f4ne. <\/p>\n\n\n\n<p>Conseil en agencement des b\u00e2timents (agricoles notamment mais aussi \u00e0 usage tertiaire, artisanal et d&rsquo;habitation). <\/p>\n\n\n\n<p>Architecture des constructions neuves ou en r\u00e9habilitation. <\/p>\n\n\n\n<p>Accompagnement en \u00e9tudes de ma\u00eetrise d\u2019\u0153uvre : de la d\u00e9finition du programme na\u00eet une proposition d&rsquo;esquisses, r\u00e9alisation de l&rsquo;avant-projet, d\u00e9marches d&rsquo;urbanisme pour d\u00e9claration pr\u00e9alable ou permis de construire, montage du projet, consultation des entreprises, suivi des travaux jusqu&rsquo;\u00e0 la r\u00e9ception du b\u00e2timent en fin de chantier.<\/p>\n","protected":false},"excerpt":{"rendered":"<p>Soci\u00e9t\u00e9 cr\u00e9\u00e9e en 2014, \u00e0 l&rsquo;initiative des Chambres d&rsquo;Agriculture du Rh\u00f4ne et de la Loire soutenues par quatre autres soci\u00e9t\u00e9s priv\u00e9es : Caisse R\u00e9gionale de Cr\u00e9dit Agricole Mutuel Centre-Est, Caisse de Cr\u00e9dit Mutuel du Sud-Est, Association D\u00e9partementale de Tourisme Rural du Rh\u00f4ne ADTR et la Conf\u00e9d\u00e9ration des Artisans et des Petites Entreprises du B\u00e2timent CAPEB &hellip; <\/p>\n<p class=\"link-more\"><a href=\"https:\/\/sica111.fr\/index.php\/about\/\" class=\"more-link\">Continuer la lecture<span class=\"screen-reader-text\"> de &laquo;&nbsp;\u00c0 propos&nbsp;&raquo;<\/span><\/a><\/p>\n","protected":false},"author":1,"featured_media":0,"parent":0,"menu_order":0,"comment_status":"closed","ping_status":"closed","template":"","meta":{"footnotes":""},"_links":{"self":[{"href":"https:\/\/sica111.fr\/index.php\/wp-json\/wp\/v2\/pages\/19"}],"collection":[{"href":"https:\/\/sica111.fr\/index.php\/wp-json\/wp\/v2\/pages"}],"about":[{"href":"https:\/\/sica111.fr\/index.php\/wp-json\/wp\/v2\/types\/page"}],"author":[{"embeddable":true,"href":"https:\/\/sica111.fr\/index.php\/wp-json\/wp\/v2\/users\/1"}],"replies":[{"embeddable":true,"href":"https:\/\/sica111.fr\/index.php\/wp-json\/wp\/v2\/comments?post=19"}],"version-history":[{"count":6,"href":"https:\/\/sica111.fr\/index.php\/wp-json\/wp\/v2\/pages\/19\/revisions"}],"predecessor-version":[{"id":75,"href":"https:\/\/sica111.fr\/index.php\/wp-json\/wp\/v2\/pages\/19\/revisions\/75"}],"wp:attachment":[{"href":"https:\/\/sica111.fr\/index.php\/wp-json\/wp\/v2\/media?parent=19"}],"curies":[{"name":"wp","href":"https:\/\/api.w.org\/{rel}","templated":true}]}}